{"id":3098,"date":"2022-11-16T11:39:06","date_gmt":"2022-11-16T11:39:06","guid":{"rendered":"https:\/\/congresos-seacv.com\/?page_id=3098"},"modified":"2026-01-16T08:35:39","modified_gmt":"2026-01-16T08:35:39","slug":"alojamiento","status":"publish","type":"page","link":"https:\/\/congresos-seacv.com\/?page_id=3098","title":{"rendered":"Alojamiento"},"content":{"rendered":"\n<p><strong>Hotel Meli\u00e0 Sitges<\/strong><br>Calle Joan Salvat Papasseit, 38,<br>08870 Sitges, Barcelona<a href=\"https:\/\/www.melia.com\/en\/hotels\/spain\/madrid\/melia-castilla?utm_medium=organic&amp;utm_source=directories&amp;utm_campaign=google&amp;utm_content=2804\"><br><\/a><a href=\"https:\/\/www.melia.com\/es\/hoteles\/espana\/sitges\/melia-sitges?utm_campaign=google&amp;utm_content=0807&amp;utm_medium=organic&amp;utm_source=directories\" target=\"_blank\" rel=\"noreferrer noopener\">Sitio web<\/a><\/p>\n\n\n\n<figure class=\"wp-block-image size-large\"><img loading=\"lazy\" decoding=\"async\" width=\"1024\" height=\"763\" src=\"https:\/\/congresos-seacv.com\/wp-content\/uploads\/2025\/11\/mapa_hotel-1-1024x763.png\" alt=\"\" class=\"wp-image-7177\" srcset=\"https:\/\/congresos-seacv.com\/wp-content\/uploads\/2025\/11\/mapa_hotel-1-1024x763.png 1024w, https:\/\/congresos-seacv.com\/wp-content\/uploads\/2025\/11\/mapa_hotel-1-300x223.png 300w, https:\/\/congresos-seacv.com\/wp-content\/uploads\/2025\/11\/mapa_hotel-1-768x572.png 768w, https:\/\/congresos-seacv.com\/wp-content\/uploads\/2025\/11\/mapa_hotel-1-1536x1144.png 1536w, https:\/\/congresos-seacv.com\/wp-content\/uploads\/2025\/11\/mapa_hotel-1.png 1951w\" sizes=\"auto, (max-width: 1024px) 100vw, 1024px\" \/><\/figure>\n\n\n\n<p><br><a href=\"https:\/\/www.google.com\/maps\/place\/Meli%C3%A0+Sitges\/@41.23674,1.8212377,17z\/data=!4m9!3m8!1s0x12a3802ff4c6b573:0xfad52adc10337b6c!5m2!4m1!1i2!8m2!3d41.23674!4d1.823818!16s%2Fg%2F1td2phxm?entry=ttu&amp;g_ep=EgoyMDI1MTEyMy4xIKXMDSoASAFQAw%3D%3D\" target=\"_blank\" rel=\"noreferrer noopener\">Ver ubicaci\u00f3n en mapa<\/a><\/p>\n\n\n\n<p>TARIFAS<br>Habitaci\u00f3n individual: 238\u20ac por persona y noche<br>Habitaci\u00f3n doble: 260\u20ac por persona y noche<br><em>Desayuno e IVA incluidos<\/em><\/p>\n\n\n\n<p><strong>Secretar\u00eda tur\u00edstica<\/strong><br>Viajes El Corte Ingl\u00e9s<br>MICE Congresos y Farma<br>C\/San Severo 10 \u00b7 28042 Madrid<br>Tel. +34 91 330 05 79<br>E-mail: <a href=\"mailto:acv@viajeseci.es\">acv@viajeseci.es<\/a><\/p>\n","protected":false},"excerpt":{"rendered":"<p>Hotel Meli\u00e0 SitgesCalle Joan Salvat Papasseit, 38,08870 Sitges, BarcelonaSitio web Ver ubicaci\u00f3n en mapa TARIFASHabitaci\u00f3n individual: 238\u20ac por persona y nocheHabitaci\u00f3n doble: 260\u20ac por persona y nocheDesayuno e IVA incluidos Secretar\u00eda tur\u00edsticaViajes El Corte Ingl\u00e9sMICE Congresos y FarmaC\/San Severo 10 \u00b7 28042 MadridTel. +34 91 330 05 79E-mail: acv@viajeseci.es<\/p>\n","protected":false},"author":1,"featured_media":0,"parent":0,"menu_order":0,"comment_status":"closed","ping_status":"closed","template":"","meta":{"footnotes":""},"class_list":["post-3098","page","type-page","status-publish","hentry"],"_links":{"self":[{"href":"https:\/\/congresos-seacv.com\/index.php?rest_route=\/wp\/v2\/pages\/3098","targetHints":{"allow":["GET"]}}],"collection":[{"href":"https:\/\/congresos-seacv.com\/index.php?rest_route=\/wp\/v2\/pages"}],"about":[{"href":"https:\/\/congresos-seacv.com\/index.php?rest_route=\/wp\/v2\/types\/page"}],"author":[{"embeddable":true,"href":"https:\/\/congresos-seacv.com\/index.php?rest_route=\/wp\/v2\/users\/1"}],"replies":[{"embeddable":true,"href":"https:\/\/congresos-seacv.com\/index.php?rest_route=%2Fwp%2Fv2%2Fcomments&post=3098"}],"version-history":[{"count":3,"href":"https:\/\/congresos-seacv.com\/index.php?rest_route=\/wp\/v2\/pages\/3098\/revisions"}],"predecessor-version":[{"id":7324,"href":"https:\/\/congresos-seacv.com\/index.php?rest_route=\/wp\/v2\/pages\/3098\/revisions\/7324"}],"wp:attachment":[{"href":"https:\/\/congresos-seacv.com\/index.php?rest_route=%2Fwp%2Fv2%2Fmedia&parent=3098"}],"curies":[{"name":"wp","href":"https:\/\/api.w.org\/{rel}","templated":true}]}}

<p><strong>Hotel Melià Sitges</strong><br>Calle Joan Salvat Papasseit, 38,<br>08870 Sitges, Barcelona<a href="https://www.melia.com/en/hotels/spain/madrid/melia-castilla?utm_medium=organic&amp;utm_source=directories&amp;utm_campaign=google&amp;utm_content=2804"><br></a><a href="https://www.melia.com/es/hoteles/espana/sitges/melia-sitges?utm_campaign=google&amp;utm_content=0807&amp;utm_medium=organic&amp;utm_source=directories" target="_blank" rel="noreferrer noopener">Sitio web</a></p>



<figure class="wp-block-image size-large"><img loading="lazy" decoding="async" width="1024" height="763" src="https://congresos-seacv.com/wp-content/uploads/2025/11/mapa_hotel-1-1024x763.png" alt="" class="wp-image-7177" srcset="https://congresos-seacv.com/wp-content/uploads/2025/11/mapa_hotel-1-1024x763.png 1024w, https://congresos-seacv.com/wp-content/uploads/2025/11/mapa_hotel-1-300x223.png 300w, https://congresos-seacv.com/wp-content/uploads/2025/11/mapa_hotel-1-768x572.png 768w, https://congresos-seacv.com/wp-content/uploads/2025/11/mapa_hotel-1-1536x1144.png 1536w, https://congresos-seacv.com/wp-content/uploads/2025/11/mapa_hotel-1.png 1951w" sizes="auto, (max-width: 1024px) 100vw, 1024px" /></figure>



<p><br><a href="https://www.google.com/maps/place/Meli%C3%A0+Sitges/@41.23674,1.8212377,17z/data=!4m9!3m8!1s0x12a3802ff4c6b573:0xfad52adc10337b6c!5m2!4m1!1i2!8m2!3d41.23674!4d1.823818!16s%2Fg%2F1td2phxm?entry=ttu&amp;g_ep=EgoyMDI1MTEyMy4xIKXMDSoASAFQAw%3D%3D" target="_blank" rel="noreferrer noopener">Ver ubicación en mapa</a></p>



<p>TARIFAS<br>Habitación individual: 238€ por persona y noche<br>Habitación doble: 260€ por persona y noche<br><em>Desayuno e IVA incluidos</em></p>



<p><strong>Secretaría turística</strong><br>Viajes El Corte Inglés<br>MICE Congresos y Farma<br>C/San Severo 10 · 28042 Madrid<br>Tel. +34 91 330 05 79<br>E-mail: <a href="mailto:acv@viajeseci.es">acv@viajeseci.es</a></p>

<p>Hotel Melià SitgesCalle Joan Salvat Papasseit, 38,08870 Sitges, BarcelonaSitio web Ver ubicación en mapa TARIFASHabitación individual: 238€ por persona y nocheHabitación doble: 260€ por persona y nocheDesayuno e IVA incluidos Secretaría turísticaViajes El Corte InglésMICE Congresos y FarmaC/San Severo 10 · 28042 MadridTel. +34 91 330 05 79E-mail: acv@viajeseci.es</p>
