{"id":305,"date":"2021-03-19T07:43:10","date_gmt":"2021-03-19T07:43:10","guid":{"rendered":"https:\/\/congresos-seacv.com\/?page_id=305"},"modified":"2026-03-12T10:21:21","modified_gmt":"2026-03-12T10:21:21","slug":"inscripciones","status":"publish","type":"page","link":"https:\/\/congresos-seacv.com\/?page_id=305","title":{"rendered":"INSCRIPCIONES"},"content":{"rendered":"\n<p class=\"has-text-align-center\"><strong>CUOTAS DE INSCRIPCI\u00d3N<\/strong><\/p>\n\n\n\n<p>Haz clic <a href=\"https:\/\/emma.events\/seacv2026\" target=\"_blank\" rel=\"noreferrer noopener\">AQU\u00cd<\/a> para acceder al gestor de inscripciones<\/p>\n\n\n\n<figure class=\"wp-block-table aligncenter is-style-stripes\"><table class=\"has-fixed-layout\"><tbody><tr><td><\/td><td class=\"has-text-align-center\" data-align=\"center\"><strong>Antes del 1 de abril<\/strong><\/td><td class=\"has-text-align-center\" data-align=\"center\"><strong>Despu\u00e9s del 2 de abril<\/strong><\/td><td class=\"has-text-align-center\" data-align=\"center\"><strong>Directo sede<\/strong><\/td><\/tr><tr><td><strong><mark style=\"background-color:rgba(0, 0, 0, 0)\" class=\"has-inline-color has-colibri-color-6-color\">Inscripci\u00f3n Miembro SEACV<\/mark>E<\/strong><\/td><td class=\"has-text-align-center\" data-align=\"center\">695 Eur<\/td><td class=\"has-text-align-center\" data-align=\"center\">760 Eur<\/td><td class=\"has-text-align-center\" data-align=\"center\">795 Eur<\/td><\/tr><tr><td><strong><mark style=\"background-color:rgba(0, 0, 0, 0)\" class=\"has-inline-color has-colibri-color-6-color\">Inscripci\u00f3n No miembro SEACV<\/mark>E<\/strong><\/td><td class=\"has-text-align-center\" data-align=\"center\">770 Eur<\/td><td class=\"has-text-align-center\" data-align=\"center\">835 Eur<\/td><td class=\"has-text-align-center\" data-align=\"center\">870 Eur<\/td><\/tr><tr><td><strong><mark style=\"background-color:rgba(0, 0, 0, 0)\" class=\"has-inline-color has-colibri-color-6-color\">Inscripci\u00f3n Residente Socio SEACVE (con acreditaci\u00f3n)<\/mark><\/strong><\/td><td class=\"has-text-align-center\" data-align=\"center\">555 Eur<\/td><td class=\"has-text-align-center\" data-align=\"center\">610 Eur<\/td><td class=\"has-text-align-center\" data-align=\"center\">625 Eur<\/td><\/tr><tr><td><mark style=\"background-color:rgba(0, 0, 0, 0);color:#e5d9d9\" class=\"has-inline-color\">.<\/mark><strong><mark style=\"background-color:rgba(0, 0, 0, 0)\" class=\"has-inline-color has-colibri-color-6-color\">Inscripci\u00f3n Residente No Socio SEACV<\/mark>E<mark style=\"background-color:rgba(0, 0, 0, 0);color:#2990c3\" class=\"has-inline-color\"><\/mark><\/strong><\/td><td class=\"has-text-align-center\" data-align=\"center\">605 Eur<\/td><td class=\"has-text-align-center\" data-align=\"center\">650 Eur<\/td><td class=\"has-text-align-center\" data-align=\"center\">700 Eur<\/td><\/tr><tr><td><strong><mark style=\"background-color:rgba(0, 0, 0, 0)\" class=\"has-inline-color has-colibri-color-6-color\">Pase expositor<\/mark><\/strong><\/td><td class=\"has-text-align-center\" data-align=\"center\">245 Eur<\/td><td class=\"has-text-align-center\" data-align=\"center\">245 Eur<\/td><td class=\"has-text-align-center\" data-align=\"center\">245 Eur<\/td><\/tr><\/tbody><\/table><figcaption class=\"wp-element-caption\"><br><br><strong>(21% IVA incluido)<\/strong><br><br><strong>Pol\u00edtica de cancelaci\u00f3n:<\/strong><br>&#8211; 30 d\u00edas antes del inicio del Congreso: 75% de devoluci\u00f3n<br>&#8211; 15 d\u00edas antes del inicio del Congreso: 50% de devoluci\u00f3n<br>&#8211; Menos de 15 d\u00edas antes del inicio del Congreso: Sin devoluci\u00f3n<br>&#8211; Se podr\u00e1n realizar cambios de nombre hasta el 1 de mayo<strong><br><\/strong><br><\/figcaption><\/figure>\n\n\n\n<p class=\"has-colibri-color-6-color has-text-color has-link-color wp-elements-714e0d7cfd3e0284ce0b66049d96b71a\">Para cualquier duda acerca del proceso de inscripci\u00f3n, contacte con Jessica Senall\u00e9: <a href=\"mailto:j.senalle@torrespardo.com\" target=\"_blank\" rel=\"noreferrer noopener\">j.senalle@torrespardo.com<\/a><br><\/p>\n\n\n\n<p><\/p>\n","protected":false},"excerpt":{"rendered":"<p>CUOTAS DE INSCRIPCI\u00d3N Haz clic AQU\u00cd para acceder al gestor de inscripciones Antes del 1 de abril Despu\u00e9s del 2 de abril Directo sede Inscripci\u00f3n Miembro SEACVE 695 Eur 760 Eur 795 Eur Inscripci\u00f3n No miembro SEACVE 770 Eur 835 Eur 870 Eur Inscripci\u00f3n Residente Socio SEACVE (con acreditaci\u00f3n) 555 Eur 610 Eur 625 Eur [&hellip;]<\/p>\n","protected":false},"author":1,"featured_media":0,"parent":0,"menu_order":0,"comment_status":"closed","ping_status":"closed","template":"","meta":{"footnotes":""},"class_list":["post-305","page","type-page","status-publish","hentry"],"_links":{"self":[{"href":"https:\/\/congresos-seacv.com\/index.php?rest_route=\/wp\/v2\/pages\/305","targetHints":{"allow":["GET"]}}],"collection":[{"href":"https:\/\/congresos-seacv.com\/index.php?rest_route=\/wp\/v2\/pages"}],"about":[{"href":"https:\/\/congresos-seacv.com\/index.php?rest_route=\/wp\/v2\/types\/page"}],"author":[{"embeddable":true,"href":"https:\/\/congresos-seacv.com\/index.php?rest_route=\/wp\/v2\/users\/1"}],"replies":[{"embeddable":true,"href":"https:\/\/congresos-seacv.com\/index.php?rest_route=%2Fwp%2Fv2%2Fcomments&post=305"}],"version-history":[{"count":3,"href":"https:\/\/congresos-seacv.com\/index.php?rest_route=\/wp\/v2\/pages\/305\/revisions"}],"predecessor-version":[{"id":7377,"href":"https:\/\/congresos-seacv.com\/index.php?rest_route=\/wp\/v2\/pages\/305\/revisions\/7377"}],"wp:attachment":[{"href":"https:\/\/congresos-seacv.com\/index.php?rest_route=%2Fwp%2Fv2%2Fmedia&parent=305"}],"curies":[{"name":"wp","href":"https:\/\/api.w.org\/{rel}","templated":true}]}}