{"id":1701,"date":"2021-12-09T10:05:08","date_gmt":"2021-12-09T10:05:08","guid":{"rendered":"https:\/\/congresos-seacv.com\/?page_id=1701"},"modified":"2025-04-04T09:10:26","modified_gmt":"2025-04-04T09:10:26","slug":"bienvenida-del-presidente-de-la-junta-directiva-de-la-seacv","status":"publish","type":"page","link":"https:\/\/congresos-seacv.com\/?page_id=1701","title":{"rendered":"Bienvenida del Presidente de la Junta Directiva de la SEACV"},"content":{"rendered":"\n<div class=\"wp-block-group\"><div class=\"wp-block-group__inner-container is-layout-constrained wp-block-group-is-layout-constrained\">\n<p>Estimados Socios de la Sociedad Espa\u00f1ola de Angiolog\u00eda y Cirug\u00eda Vascular, compa\u00f1eros y amigos,<\/p>\n\n\n\n<p>Este ser\u00e1 mi cuarto Congreso como presidente de la SEACV y he querido despedirme de todos desde mi ciudad, C\u00e1diz. Adem\u00e1s, coincide con el 70\u00ba Congreso Nacional de la Sociedad y de que va a hacer justo 20 a\u00f1os que celebramos uno anterior en esta ciudad. Aquellos que coincidimos aqu\u00ed lo recordamos con alegr\u00eda y a\u00f1oranza cada vez que lo evocamos. Por todas estas circunstancias es muy especial para nuestro servicio, casi al completo renovado y, de forma personal para m\u00ed, el que podamos volver a celebrarlo y disfrutarlo en vuestra compa\u00f1\u00eda.<\/p>\n\n\n\n<p>La actual Junta Directiva que me ha acompa\u00f1ado en estos cuatro a\u00f1os y a los que quiero agradecer su total apoyo, esfuerzo y trabajo en todo momento, despediremos este periodo con la satisfacci\u00f3n de que hemos trabajado siempre pensando en vosotros y con la confianza de que este Congreso sea un acontecimiento que recordemos siempre. Los tres congresos previos de esta Junta (Burgos, M\u00e1laga y Madrid), con sus aciertos y errores, consideramos que han sido un \u00e9xito cient\u00edfico, de participaci\u00f3n y de momentos de convivencia y reencuentros que quedar\u00e1n grabados de forma especial para esta Junta Directiva y queremos que este sea al menos igual.<\/p>\n\n\n\n<p>Un a\u00f1o m\u00e1s tenemos que aprovechar los actos cient\u00edficos que seguro ser\u00e1n de gran calidad y donde me consta que el Comit\u00e9 Cient\u00edfico nos ofrecer\u00e1 un programa de actualidad e inter\u00e9s y que merecer\u00e1 la pena no perderse. <\/p>\n\n\n\n<p>Aunque de forma personal me lo han ratificado la mayor\u00eda de ellas, quiero agradecer y pedir como todos los a\u00f1os el apoyo de las casas comerciales para que participen con todas sus novedades y actos promocionales con el m\u00e1ximo inter\u00e9s y que organicen cursos, talleres, video t\u00e9cnicas y presentaciones que estoy convencido ser\u00e1n muy atractivas y fruct\u00edferas de cara a nuestro trabajo asistencial diario. Intentaremos tambi\u00e9n llevar a cabo en la ciudad diversas actividades divulgativas de nuestra especialidad de cara a la poblaci\u00f3n que, sin duda, van a contribuir a conocer m\u00e1s su importancia e inter\u00e9s social.<\/p>\n\n\n\n<p>Con el deseo de que os haga ilusi\u00f3n y entre en vuestros planes, os emplazo a que nos veamos en mi ciudad, C\u00e1diz, del 27 al 30 de mayo de 2025, para celebrar el 70\u00ba Congreso Nacional de la Sociedad Espa\u00f1ola de Angiolog\u00eda y Cirug\u00eda Vascular.<\/p>\n\n\n\n<p>Un fuerte abrazo<\/p>\n\n\n\n<p><img loading=\"lazy\" decoding=\"async\" width=\"150\" height=\"162\" class=\"wp-image-3205\" style=\"width: 150px;\" src=\"https:\/\/congresos-seacv.com\/wp-content\/uploads\/2022\/11\/pinero.png\" alt=\"\" srcset=\"https:\/\/congresos-seacv.com\/wp-content\/uploads\/2022\/11\/pinero.png 719w, https:\/\/congresos-seacv.com\/wp-content\/uploads\/2022\/11\/pinero-278x300.png 278w\" sizes=\"auto, (max-width: 150px) 100vw, 150px\" \/><br><strong>Manuel Rodr\u00edguez Pi\u00f1ero<\/strong><br>Presidente de la Junta Directiva de la SEACV<\/p>\n<\/div><\/div>\n","protected":false},"excerpt":{"rendered":"<p>Estimados Socios de la Sociedad Espa\u00f1ola de Angiolog\u00eda y Cirug\u00eda Vascular, compa\u00f1eros y amigos, Este ser\u00e1 mi cuarto Congreso como presidente de la SEACV y he querido despedirme de todos desde mi ciudad, C\u00e1diz. Adem\u00e1s, coincide con el 70\u00ba Congreso Nacional de la Sociedad y de que va a hacer justo 20 a\u00f1os que celebramos [&hellip;]<\/p>\n","protected":false},"author":1,"featured_media":0,"parent":0,"menu_order":0,"comment_status":"closed","ping_status":"closed","template":"","meta":{"footnotes":""},"class_list":["post-1701","page","type-page","status-publish","hentry"],"_links":{"self":[{"href":"https:\/\/congresos-seacv.com\/index.php?rest_route=\/wp\/v2\/pages\/1701","targetHints":{"allow":["GET"]}}],"collection":[{"href":"https:\/\/congresos-seacv.com\/index.php?rest_route=\/wp\/v2\/pages"}],"about":[{"href":"https:\/\/congresos-seacv.com\/index.php?rest_route=\/wp\/v2\/types\/page"}],"author":[{"embeddable":true,"href":"https:\/\/congresos-seacv.com\/index.php?rest_route=\/wp\/v2\/users\/1"}],"replies":[{"embeddable":true,"href":"https:\/\/congresos-seacv.com\/index.php?rest_route=%2Fwp%2Fv2%2Fcomments&post=1701"}],"version-history":[{"count":3,"href":"https:\/\/congresos-seacv.com\/index.php?rest_route=\/wp\/v2\/pages\/1701\/revisions"}],"predecessor-version":[{"id":6441,"href":"https:\/\/congresos-seacv.com\/index.php?rest_route=\/wp\/v2\/pages\/1701\/revisions\/6441"}],"wp:attachment":[{"href":"https:\/\/congresos-seacv.com\/index.php?rest_route=%2Fwp%2Fv2%2Fmedia&parent=1701"}],"curies":[{"name":"wp","href":"https:\/\/api.w.org\/{rel}","templated":true}]}}